 Let t(l) = l**2 - 3*l + 6. Let i be t(4). What is the greatest common divisor of p and i?
10
Let n(d) = -5*d + 197. Let l be n(37). Calculate the greatest common divisor of 174 and l.
6
Let p = 54 + -48. Let f be -1 + (p - 3) + 218. Calculate the greatest common factor of 20 and f.
20
Let q be 56/4*3/7. Calculate the greatest common factor of 414 and q.
6
Let h(p) = -p - 2. Let m be h(-6). Suppose m*a - 10*a = -450. What is the greatest common divisor of a and 15?
15
Let v(s) be the first derivative of 4*s**2 + 5*s + 14. Let g be v(5). Calculate the greatest common divisor of 18 and g.
9
Suppose 4*g = 2*a + 66, a - 2*a = -4*g + 69. Suppose 0*v - 3*v = -12. Suppose -v*p + 30 = p + 3*z, 25 = -5*z. What is the greatest common factor of p and g?
9
Let k = -50 - -76. Suppose -z + 5*x - 13 = -59, -2*x = -3*z + 151. Let g = z - 12. What is the highest common factor of k and g?
13
Suppose 6 = r - 2*k, -8*k = -12*k + 20. What is the greatest common factor of r and 144?
16
Let w(v) = -2*v + 9 - 24 + 33*v**2 + 8 + 4. Let h be w(-1). Calculate the greatest common factor of h and 40.
8
Suppose 687*l + 1792 = 694*l. Calculate the highest common divisor of l and 32.
32
Let r = 5 - 1. Suppose 9*i - r*i = 110. Let v(a) = -a**3 - a**2 - 6*a - 6. Let t be v(-4). Calculate the greatest common factor of i and t.
22
Let j be (-3 - 0) + 2/(-6)*3. Let v be 1 - (3 - (-164)/j). What is the highest common factor of v and 13?
13
Suppose 0 = 5*y - 104 - 6. Suppose -18*v = -4373 + 809. What is the greatest common divisor of y and v?
22
Let a = 760 + -528. Suppose 2*n - a = -72. What is the highest common factor of 5 and n?
5
Let m(g) = 48*g**2 - g. Let r be m(1). Suppose -4*n - l + 361 + 1148 = 0, 4*l + 356 = n. What is the highest common divisor of n and r?
47
Let i = 119 - 147. Let k = 30 + i. Calculate the greatest common divisor of k and 10.
2
Let y be ((-2)/(-11))/(9/99). Suppose -y*o = -4*o + 18. What is the highest common divisor of 9 and o?
9
Let h(l) = -101*l + 44 + 103*l - 4. Let x be h(-19). What is the highest common divisor of 6 and x?
2
Let z be 4/(-14)*(-8 - -1). Suppose 2*a - z = 0, -3*a = 4*b - b - 387. Suppose -528 = -2*l - b. What is the highest common divisor of 25 and l?
25
Let l be 2/20*174*(-110)/(-33). Calculate the highest common divisor of l and 522.
58
Let s be ((-84)/4)/(7/567*-3). What is the greatest common divisor of s and 63?
63
Let j = -5 + 29. Let s = -5 + 14. Suppose -s = -3*l + 15. What is the highest common divisor of j and l?
8
Suppose 6396 = 48*d - 44*d. Suppose 0 = -5*y - 4*s + d, 5*y - 3*s = -8*s + 1600. What is the highest common divisor of y and 29?
29
Let a(u) = 31*u - 3838 + 3835 + 35*u. Let r be a(3). Calculate the greatest common divisor of r and 78.
39
Let g(k) = -k**3 + 7*k**2 - 8*k - 1. Let p be g(5). Suppose -174 = 7*b - p*b. What is the greatest common factor of 29 and b?
29
Let w(d) = 16*d**2 + 6*d - 5. Let r be w(1). Let j = 51 - 24. Let h be -18*(j/(-6) - 4). Calculate the greatest common factor of h and r.
17
Let f be -10*1/(-7)*42. Suppose -4*x - 3*a = -27, -5*x = -a - 7 - 3. Suppose x*q - f = -2*q. Calculate the highest common divisor of 48 and q.
12
Suppose -6*x - 6 = -8*x. Suppose -x*p + 4*l + 39 + 10 = 0, -5*p - 5*l = -35. Calculate the highest common factor of 176 and p.
11
Let f(r) be the first derivative of -r**3/3 - 7*r**2 - 15*r + 8. Let p be f(-13). Let u be p/(19/(-9) - -2). Calculate the greatest common factor of u and 3.
3
Let b(v) = -2*v**3 - 62*v**2 - 39*v + 83. Let h be b(-31). Calculate the highest common factor of h and 152.
76
Let m = 504 + -311. Suppose m = a + 13. Calculate the greatest common divisor of 30 and a.
30
Let m be (28 - 1) + -3 + 2/1. Suppose 6*o - 65 = 13. What is the highest common factor of o and m?
13
Suppose -78 = -12*a + 7*a + 3*j, 38 = 3*a - 4*j. Calculate the greatest common divisor of a and 189.
9
Suppose 2*l - 4*l = 4*d - 1314, l + 1323 = 4*d. Let p = d + -98. Calculate the greatest common divisor of p and 29.
29
Let m(f) = -517*f - 75. Let x be m(-1). Calculate the greatest common divisor of x and 39.
13
Let n(y) = -179*y + 20. Let m be n(-2). Calculate the highest common divisor of 162 and m.
54
Suppose -5*y + r = -148, -r + 10 = 4*r. Suppose -6*p + y = -p. Calculate the highest common factor of p and 9.
3
Suppose v + 0*v = 33. Let g = -14 - -13. Let s = g + 12. What is the highest common factor of v and s?
11
Let r(q) = q**3 - 5*q**2 + 5. Let h be r(5). Suppose -3*d - 2 + 0 = -2*j, 3*j = 5*d + 2. What is the highest common factor of h and d?
1
Suppose -4*n - n + 360 = 0. Let s(p) = -5*p + 48. Let o be s(6). Calculate the highest common factor of n and o.
18
Let x(u) = 15*u. Let j be x(-9). Let i = j - -231. Let d = -3 - -15. Calculate the highest common divisor of d and i.
12
Let z(c) = -61*c - 31. Let p be z(-2). Calculate the highest common divisor of 7 and p.
7
Suppose -4*a = 5*m - 988, 0 = 4*a - 4 - 4. Let w be (-2 - -3)/((-3)/(-30)). Let y be 84/2*w/15. What is the greatest common divisor of m and y?
28
Let y(t) = -t**3 + 26*t**2 - 19*t - 65. Let b be y(25). Calculate the highest common factor of b and 5.
5
Let q = 353 + -279. What is the greatest common divisor of q and 111?
37
Let u(c) = 30*c - 32. Let d be u(15). Calculate the greatest common divisor of d and 11.
11
Let b be (145/(-10))/((-12)/408). Calculate the greatest common divisor of 58 and b.
29
Let x be (-1)/(15/(-18)) - 6/30. Let f = 20 - 12. Calculate the highest common divisor of x and f.
1
Let r = 126 - 121. Suppose -y - 5*f - 349 = -r*y, f = -5*y + 400. Calculate the highest common divisor of 18 and y.
9
Let a be 8/12*9/2. Let r be (-1)/(2 - 18/8). Suppose r*c - 10 - 2 = 0. Calculate the highest common factor of c and a.
3
Suppose 5*a - 225 = -0*a. Let s be 2 + 4 + (-45)/(-25) + (-18)/(-15). What is the greatest common divisor of a and s?
9
Let w = -408 + 416. Calculate the greatest common factor of w and 100.
4
Suppose 50*j - a - 241 = 49*j, -3*j + 733 = -5*a. Calculate the greatest common divisor of j and 8.
4
Let g be 99/(-12)*64/(-24). What is the greatest common divisor of g and 121?
11
Let f = 6 + 8. Suppose -10 = -2*q + 8. Suppose -5*n - 560 = -q*n. What is the greatest common factor of n and f?
14
Suppose 14*h - 23*h = -765. Let d = h - 84. What is the greatest common divisor of d and 17?
1
Let d(r) = r**3 - 8*r**2 + 9*r - 9. Let b be d(7). Let h = 12 + b. Calculate the highest common divisor of h and 187.
17
Let w(x) = 3*x - 21. Let b be w(26). What is the highest common divisor of b and 19?
19
Let f be 74/26 + 1 + 11/(-13). Let n be ((-10)/f)/(7/(-651)). What is the highest common factor of 31 and n?
31
Suppose 2 = k - 1. Suppose 2*n + k*y + 4 = 77, -n - 5*y + 47 = 0. Suppose -4*x + 0*u = -2*u - n, u - 40 = -5*x. What is the greatest common divisor of x and 64?
8
Suppose 5*c + 3*q = 320, 0 = -0*q - 2*q. What is the greatest common divisor of 144 and c?
16
Let i(l) = -27*l - 10. Let h be i(5). Let k = 55 - h. Suppose 0 = 7*c - 3*c - k. What is the highest common factor of c and 10?
10
Let o = 197 + -134. Let x be 18*7/(o/6). What is the highest common divisor of 18 and x?
6
Let j = -525 - -539. Suppose -m + 42 = 2*m. What is the greatest common factor of m and j?
14
Let m = 169 + -145. What is the greatest common factor of 88 and m?
8
Let x be (-202)/(-18) + (-2)/9. Suppose p - 3*p = -88. What is the highest common factor of x and p?
11
Let x = 619 + -599. Suppose 0*l + 720 = 4*l. What is the highest common factor of l and x?
20
Let v be 9*(4/(-24))/((-3)/24). What is the highest common divisor of v and 12?
12
Let a = 202 - 94. Let h = -35 + 32. Let v = h - -15. Calculate the highest common factor of v and a.
12
Suppose 3*j = 4*b + 146, -11*b = -8*b - 12. Calculate the greatest common factor of 48 and j.
6
Let v be (-1 - (2 + 4))*-5. Let z be (-2)/(((-68)/(-357))/(2/(-3))). Calculate the greatest common factor of v and z.
7
Suppose -12*u - 1172 = -5*h - 10*u, -3*u = 3. Calculate the greatest common factor of h and 9.
9
Let k be 3 - 250/(-15) - (-4)/12. Calculate the highest common divisor of k and 3820.
20
Let x be (-2)/8 - (-40)/32. Suppose -4*z + 3*g = -3 - 2, 3*g - 15 = 0. Suppose -23 - 12 = -z*b. Calculate the highest common divisor of x and b.
1
Suppose 4*h + 0*h - 8 = 0. Let s = -